g(o) = 6118*o**2 + 90*o + 543. Is g(-6) a prime number?
False
Suppose -4*n + 2 = -10. Suppose 5*b - 12 = n. Suppose 0 = -7*l + b*l + 1060. Is l a prime number?
False
Let b = 11 - 7. Suppose 0*t + 2064 = -b*t. Let m = t + 955. Is m a prime number?
True
Let f(q) = 2*q**3 - 41*q**2 + 73*q - 147. Is f(33) a composite number?
True
Let u(i) = 2*i + i - 1542 - 4*i**2 + 1547. Let c be u(7). Let x = c - -253. Is x a prime number?
True
Let h = 429 + -415. Suppose -h*s - 28578 + 337208 = 0. Is s prime?
False
Let j(s) = -s**3 + 6*s**2 + 3. Let b be j(3). Is (-3)/((-9)/(-12)) + -19 + b composite?
False
Suppose o = -u - 1, -4*u = u + 4*o. Suppose 30169 + 1087 = -u*h. Is h/(-22) - (-4)/(-22) a composite number?
True
Suppose 10*c + 11 = 311. Suppose -y = -c*y + 271063. Is y composite?
True
Suppose -933466 = -35*f + 1039099. Is f prime?
True
Suppose 46 = 3*o + 2*h, 2*o - 3 - 6 = 3*h. Let c be ((-81)/2)/(o/224). Let f = c - -1075. Is f prime?
False
Let y = 21 - 21. Suppose y = 11*q - 12*q - 2. Is (q + (-3)/(-2))/(3/(-1578)) a prime number?
True
Suppose -5*y = -c - 24, 5*y + 19 - 46 = -2*c. Suppose y*v - 179 = 2686. Is 0 + 0 + -2*v/(-6) a composite number?
False
Let u(w) = -w + 4. Let g(b) = -b**2 + 13*b - 13. Let m be g(12). Let o be u(m). Suppose 0 = -o*d - 3*d + 264. Is d a prime number?
False
Suppose -3*g - 111 = 5*u, u + 3*g + 36 = 7*g. Suppose -5*t = y + 75, 5*t + 4*y + 64 - 4 = 0. Is ((-3868)/t)/((-6)/u) composite?
False
Let o(j) = -336*j**2 + 27*j - 15. Let y be o(3). Let t = y - -15799. Is t prime?
True
Suppose -1318570 - 1174605 = -11*j - 67356. Is j prime?
True
Let p be 0 + 12 + (8 - 2). Is ((-9)/p)/(7/(-7742)) composite?
True
Suppose 24*c - 4*c - 60 = 0. Suppose c*b + 4503 = 6*b - t, 0 = -5*t. Is b a composite number?
True
Let w = -137402 - -276991. Is w composite?
False
Suppose -f - 288 = 618. Is (2 + 1)/(2/f*-3) prime?
False
Let z = 320229 + 18314. Is z prime?
True
Let m(l) = 4*l**2 - 40*l - 49. Let o be 11/(77/(-28)) - (12 - 1). Is m(o) a prime number?
True
Suppose -4*n - 7 = -19. Let v(t) = 10 - 56 - n - 413*t**2 + 418*t**2 + 9*t. Is v(15) a prime number?
False
Let b(f) = 738*f**2 - 102*f + 739. Is b(7) a prime number?
True
Let z = 19010 + -5604. Suppose -10727 = -4*w + 3*y, 5*w + 0*y = y + z. Is w prime?
False
Let r = 148 - 143. Let j be (-1 + 1227)*(-6)/(-4). Suppose n - 2788 - j = -3*d, 7709 = r*d + 3*n. Is d a prime number?
True
Let l(w) = 176*w**2 - 16*w + 9. Let s be l(10). Let t = s - 9840. Is t a prime number?
False
Let c be ((-12)/7)/((-2)/(-14)*-1). Suppose -c = -3*t - 3*t. Suppose -2*k = -0*x + 2*x - 102, 4*k = -t*x + 106. Is x prime?
False
Suppose -5*x + 3958 = t, 63*t = 2*x + 59*t - 1570. Suppose -8*p + 2223 - x = 0. Is p composite?
False
Suppose 0 = 3*m - 4*p - 2, 27*p - 3 = 24*p. Suppose -m*u = b - 1697, -3*u + 0*u + 3392 = 2*b. Is b a composite number?
False
Suppose 3*r = -15, 3*s - 4*s = -5*r - 35. Let c be (25/s)/((-15)/(-12)). Suppose o = a - 4*o - 28, -c*o + 2 = 0. Is a prime?
False
Let y(q) = 2*q - 23. Suppose g - 7*g = -90. Let m be y(g). Is m/(1*4/2084) composite?
True
Let i = 13997 - 10006. Is i a prime number?
False
Let u = 1047 - 1047. Suppose 0 = -3*d - 3*b - 0*b + 3138, -b = 2*d - 2095. Suppose u = m + 2*l - d, l + 1780 + 298 = 2*m. Is m composite?
True
Let s(x) = 38*x**2 + 27*x + 59. Is s(-32) prime?
False
Let j = -34240 - -90131. Is j a prime number?
False
Let j be (-8 - -10) + 1*-7. Let s be (-16)/(-6) + j + 32/6. Is 146 + (-5 + -1 + s - -2) a prime number?
False
Is ((-9)/(-3))/(210588/(-210597) + 1) a composite number?
False
Let i = -79 - -83. Let h be 5527 + ((-1)/i - 9/12). Is (-2)/(-4) + 0 + h/4 composite?
True
Let q = -651 - -653. Let x(r) = 165*r**2 + 4*r - 5. Let h(o) = 824*o**2 + 19*o - 24. Let n(c) = -2*h(c) + 11*x(c). Is n(q) a composite number?
False
Let n(y) = 16*y**3 + 10*y**2 + 20*y - 278. Is n(10) a prime number?
False
Let w = -42 - -42. Suppose w = -0*j + 5*j + 3330. Let g = j - -1219. Is g composite?
True
Suppose -8 = -4*i, 2*i - 1 = t + 2. Is 10/(-5) + ((-3)/t - -12612) a prime number?
False
Suppose 39*m = 23*m + 90928. Suppose -5*p - 2*j + m = 0, -4*p - j + 4551 = -4*j. Is p composite?
True
Suppose 52*t - 155*t + 44*t = -15316459. Is t a composite number?
True
Suppose 4*i - 2*n = 496526, 9 = -4*n + 7*n. Is i a prime number?
True
Suppose -4*j + 24 = 4. Suppose 5*z = -j, -5*h + z = -z - 22. Suppose -y + 190 = h*y. Is y prime?
False
Let j(v) = -44189*v**3 - 2*v**2 - 250*v - 503. Is j(-2) prime?
True
Is 2/((-39780426)/3315039 + (-1 - -13)) a prime number?
False
Let q be 170*(2 + 35/(-14)). Let w = 11058 + q. Is w composite?
False
Let j be -25754*(-2)/14 - (-3)/(-21). Let x = 6558 - j. Is x a composite number?
False
Suppose -3506342 - 2392041 = -41*p. Is p prime?
False
Suppose -166*p + 49*p = 211*p - 255337832. Is p prime?
True
Let q(u) = 47*u**2 + 5*u - 9. Let w be q(-6). Suppose n - 1653 = -3*s, 3*s + 11*n = 6*n + w. Is s a prime number?
False
Let s(g) = -g**2 + 26*g - 121. Let w be s(16). Suppose 2*i + w = 169. Is i prime?
False
Let l(h) = 1036*h**3 - h**2 + 2*h - 3. Suppose -4*k - 4 = -6*k. Let g be l(k). Suppose -7*m + 2*m + g = 0. Is m composite?
False
Suppose -3*z - 216 = -240, -4*z - 1759346 = -2*f. Is f composite?
False
Let c(h) = 4909*h - 502. Is c(57) prime?
True
Let u = -17589 + 23212. Is u prime?
True
Suppose h - 34428 = 5*a, 72*h - 75*h + 3*a + 103200 = 0. Is h composite?
True
Suppose -9*f + 8 = -7*f, 3*y = -5*f - 64. Is (-4)/28 - 80336/y a prime number?
False
Let y(g) = -326*g + 221. Let l be y(23). Let w = -5118 - l. Is w composite?
True
Suppose -261*y = -31934625 - 9731676. Is y a composite number?
True
Let i(d) = -18*d**3 - 9*d**2 + 17*d - 47. Let m be i(-16). Suppose -3*l - g = l - m, -4*g = 12. Is l a prime number?
False
Let s(i) = -27 + 3*i - 24 + 3*i - 6. Suppose -5*x = d - 5*d - 79, 0 = 2*d + 2. Is s(x) composite?
True
Suppose 205*s - 154751763 = -86*s. Is s composite?
False
Suppose -182*v + 55*v + 85*v = -82433022. Is v prime?
False
Suppose 114*w + 8880388 = 118*w. Is w a composite number?
True
Let o(c) = 727*c**2 - 3*c - 34. Let q be o(-8). Suppose -q + 15348 = -6*a. Is a prime?
False
Let a(i) = -i**2 - 5*i - 2. Let f be a(-2). Let k(y) = -435*y - 669. Let w be k(-13). Suppose -f*r + w - 302 = 0. Is r a prime number?
True
Let l(a) = -3104*a - 5. Let s be l(-1). Suppose 2*c + 2*c - 12444 = 4*d, c - s = -5*d. Is c a prime number?
True
Suppose -5*t - 66 = -91. Suppose 0 = -b - z + 3*z - 48, -t*b - 3*z = 279. Is 72/b + (-955)/(-3) composite?
False
Is (-593)/((-32)/(-128) - (-617)/(-2452)) a composite number?
True
Suppose 4*q = -2*y + 29782, -191*q = -5*y - 189*q + 74527. Is y a prime number?
False
Let u(a) = 7 + 12 - 4 - 5*a - 1. Let g be u(4). Is g/12 - (-6380)/8 prime?
True
Suppose -28*l = -3*a - 23*l + 295207, -4*a + 393586 = 5*l. Is a prime?
False
Suppose -20516 = -3*w + 4879. Is w composite?
True
Let q = 1144 - 814. Suppose -6*h + 984 = q. Let d = 393 + h. Is d composite?
True
Let b = -1156 + 36183. Is b a prime number?
True
Let n = 1145 - 107. Let x = -586 + n. Let b = x + -115. Is b prime?
True
Suppose 0 = 89*l - 87*l - 40. Suppose 0 = l*w - 22388 - 20792. Is w a prime number?
False
Let n(a) = a**3 - 3*a**2 - a - 2. Let i be n(4). Let d = 34 - i. Suppose d*y - 22*y - 138 = 0. Is y composite?
True
Let l(r) = r**3 + 13*r**2 + 38*r - 13. Let a be l(-7). Suppose a*t = -6*t + 145467. Is t a composite number?
True
Let o = 3585 + 323. Suppose -4*x + o = 2*r, 2*r - 2925 = -3*x - r. Is x a composite number?
True
Suppose -227 = 5*i + 2*a + 152, -5*a = -4*i - 323. Let l = i - -2866. Is l composite?
False
Let c = -580 + 875. Let g be (7 + 0)/(-1) + 6/3. Is -20 + c + g + 1 a prime number?
True
Suppose -27*s + 49823 = -137349 + 15641. Is s prime?
True
Let b(u) = -28*u**3 + 15*u**2 - 15*u + 9. Is b(-7) a composite number?
False
Let h be ((2 - -4)/(-3))/5*-5. Let t be -3 + h - 233 - (-2 - -3). Let w = 444 - t. Is w prime?
False
Suppose 2009990 = 101*y - 3963331 - 4867514. Is y prime?
False
Let a = 23529 - 15712. Let w be (-2)/(-2) - (3 + -16). Suppose 15*g - a = w*g. Is g a prime number?
True
Let f be 1972/17*(-4 + 1). Let u = f - -2690. Is u prime?
False
Let v(a) = 2 - 72*a**3 + 1 + 2*a**2 + 71*a**3 - 2*a. Let c be v(0). Let o(r) = 40*r**3 - 6*r**2 + 10*r + 5. Is o(c) prime?
True
Let 